{"id":72,"date":"2025-01-30T17:46:24","date_gmt":"2025-01-30T16:46:24","guid":{"rendered":"https:\/\/jasonsblue.sk\/?page_id=72"},"modified":"2025-03-05T11:04:28","modified_gmt":"2025-03-05T10:04:28","slug":"popis-plemena","status":"publish","type":"page","link":"https:\/\/jasonsblue.sk\/?page_id=72","title":{"rendered":"Popis plemena"},"content":{"rendered":"\t\t<div data-elementor-type=\"wp-page\" data-elementor-id=\"72\" class=\"elementor elementor-72\">\n\t\t\t\t<div class=\"elementor-element elementor-element-8ecfd63 e-flex e-con-boxed e-con e-parent\" data-id=\"8ecfd63\" data-element_type=\"container\">\n\t\t\t\t\t<div class=\"e-con-inner\">\n\t\t\t\t<div class=\"elementor-element elementor-element-7291e4e elementor-widget elementor-widget-video\" data-id=\"7291e4e\" data-element_type=\"widget\" data-settings=\"{&quot;youtube_url&quot;:&quot;https:\\\/\\\/youtu.be\\\/mdoSmD5d8wg?si=vxlVYt1vs9Dhs7jV&quot;,&quot;video_type&quot;:&quot;youtube&quot;,&quot;controls&quot;:&quot;yes&quot;}\" data-widget_type=\"video.default\">\n\t\t\t\t<div class=\"elementor-widget-container\">\n\t\t\t\t\t\t\t<div class=\"elementor-wrapper elementor-open-inline\">\n\t\t\t<div class=\"elementor-video\"><\/div>\t\t<\/div>\n\t\t\t\t\t\t<\/div>\n\t\t\t\t<\/div>\n\t\t\t\t\t<\/div>\n\t\t\t\t<\/div>\n\t\t<div class=\"elementor-element elementor-element-903d8a5 e-flex e-con-boxed e-con e-parent\" data-id=\"903d8a5\" data-element_type=\"container\">\n\t\t\t\t\t<div class=\"e-con-inner\">\n\t\t\t\t<div class=\"elementor-element elementor-element-cda608c elementor-widget elementor-widget-text-editor\" data-id=\"cda608c\" data-element_type=\"widget\" data-widget_type=\"text-editor.default\">\n\t\t\t\t<div class=\"elementor-widget-container\">\n\t\t\t\t\t\t\t\t\t<h3><strong>MODR\u00dd GASKONSK\u00dd BASET<\/strong><\/h3><p><a href=\"https:\/\/www.fci.be\/en\/nomenclature\/BLUE-GASCONY-BASSET-35.html\">Ofic\u00edalny FCI popis &#8211; na tomto odkaze.<\/a><\/p><p>Standard \u010d. 35\/24.01.1996\/F<\/p><p><strong>P\u0159eklad z\u00a0francouz\u0161tiny:<\/strong>\u00a0Helena Dvo\u0159\u00e1kov\u00e1<\/p><p><strong>Datum zve\u0159ejn\u011bn\u00ed platn\u00e9ho standardu:<\/strong>\u00a024.01.1996<\/p><p><strong>P\u016fvod:<\/strong>\u00a0Francie<\/p><p><strong>Pou\u017eit\u00ed:<\/strong>\u00a0honi\u010d pou\u017e\u00edvan\u00fd k\u00a0lovu se st\u0159elnou zbran\u00ed, n\u011bkdy ke \u0161tvan\u00ed, stejn\u011b dob\u0159e pracuje s\u00e1m jako ve sme\u010dce.<\/p><p><strong>Klasifikace F.C.I.<\/strong>\u00a0\u00a0<\/p><p>Skupina 6 \u00a0 \u00a0 honi\u010di, barv\u00e1\u017ei a\u00a0plemena p\u0159\u00edbuzn\u00e1<\/p><p>Sekce\u00a0\u00a0\u00a0\u00a0\u00a0\u00a0\u00a0\u00a0\u00a0\u00a0 mal\u00ed honi\u010di s\u00a0pracovn\u00ed zkou\u0161kou\u00a0\u00a0\u00a0\u00a0\u00a0\u00a0\u00a0<\/p><p><strong>Kr\u00e1tk\u00fd v\u00fdtah z\u00a0historie:<\/strong>\u00a0Plemeno se znovu objevilo ke konci 19.stolet\u00ed d\u00edky nad\u0161en\u00ed n\u011bkolika lovc\u016f ze z\u00e1padn\u00ed Francie. Cel\u00fd jeho v\u00fdvoj prob\u00edhal vyv\u00e1\u017een\u011b, byly kladeny stejn\u00e9 po\u017eadavky jak na zlep\u0161ov\u00e1n\u00ed jeho morfologick\u00fdch kvalit, tak na zachov\u00e1n\u00ed v\u0161ech specifick\u00fdch loveck\u00fdch schopnost\u00ed honi\u010d\u016f z\u00a0\u201eJihoz\u00e1padu\u201c.<\/p><p><strong>Celkov\u00fd vzhled:<\/strong>\u00a0Velmi typick\u00fd baset, maj\u00edc\u00ed v\u0161echny znaky velk\u00e9ho plemen, z\u00a0n\u011bho\u017e vze\u0161el, dosti siln\u00fd, nen\u00ed v\u0161ak nijak lymfatick\u00fd.<\/p><p><strong>D\u016fle\u017eit\u00e9 proporce:<\/strong><\/p><p>v\u00fd\u0161ka\/d\u00e9lka t\u011bla okolo 5\/8<\/p><p>v\u00fd\u0161ka hrudn\u00edku\/v\u00fd\u0161ce v kohoutku okolo 2\/3<\/p><p><strong>Pou\u017eit\u00ed:<\/strong>\u00a0m\u00e1 velmi jemn\u00fd nos. Je aktivn\u00ed, \u010dil\u00fd a vytrval\u00fd, p\u0159izp\u016fsobiv\u00fd ke zp\u016fsobu lovu, pro n\u011bj\u017e je pou\u017eit. M\u00e1 v\u00fdborn\u00fd zn\u011bl\u00fd hlas; v\u00fdborn\u011b se dr\u017e\u00ed ve sme\u010dce.<\/p><p><strong>Povaha:<\/strong>\u00a0Pes p\u0159\u00edtuln\u00fd a vesel\u00fd, s\u00a0pot\u0159ebou pohybu.<\/p><p><strong>Mozkovna:\u00a0<\/strong>z\u00a0pohledu zep\u0159edu je m\u00edrn\u011b klenut\u00e1, nen\u00ed p\u0159\u00edli\u0161 \u0161irok\u00e1. T\u00fdln\u00ed hrbol je z\u0159eteln\u00fd. P\u0159i pohledu seshora je zadn\u00ed \u010d\u00e1st mozkovny ov\u00e1ln\u00e1. Fronta je pln\u00e1.<\/p><p><strong>Stop:<\/strong>\u00a0\u00a0\u00a0 je m\u00e1lo v\u00fdrazn\u00fd.<\/p><p><strong>Obli\u010dejov\u00e1 \u010d\u00e1st:<\/strong><\/p><p><strong>Nos:<\/strong>\u00a0\u010dern\u00fd, \u0161irok\u00fd, nozdry dob\u0159e otev\u0159en\u00e9.<\/p><p><strong>Pysky:<\/strong>\u00a0 dost vyvinut\u00e9, spadaj\u00edc\u00ed, p\u0159ekr\u00fdvaj\u00edc\u00ed spodn\u00ed \u010delist, co\u017e d\u00e1v\u00e1 \u010denichov\u00e9 partii hranat\u00fd tvar. Koutek je dob\u0159e viditeln\u00fd, nikoli v\u0161ak voln\u00fd (v\u011btrn\u00fd).<\/p><p><strong>Nosn\u00ed h\u0159bet<\/strong>: Je stejn\u011b dlouh\u00fd jako mozkovna, m\u00edrn\u011b vyklenut\u00fd.<\/p><p><strong>\u010celisti:<\/strong>\u00a0maj\u00ed n\u016f\u017ekov\u00fd skus. \u0158ez\u00e1ky jsou dob\u0159e postaven\u00e9.<\/p><p><strong>L\u00edce:<\/strong>\u00a0such\u00e9, k\u016f\u017ee na nich m\u016f\u017ee tvo\u0159it jednu nebo dv\u011b vr\u00e1sky.<\/p><p><strong>O\u010di:<\/strong>\u00a0maj\u00ed ov\u00e1ln\u00fd tvar, zdaj\u00ed se hluboko ulo\u017een\u00e9, jsou hn\u011bd\u00e9. Maj\u00ed m\u00edrn\u00fd v\u00fdraz, pon\u011bkud smutn\u00fd.<\/p><p><strong>U\u0161i:<\/strong>\u00a0jsou to typick\u00e9 u\u0161i modr\u00fdch gasko\u0148sk\u00fdch honi\u010d\u016f. Jsou jemn\u00e9, st\u00e1\u010dej\u00ed se, jsou zakon\u010den\u00e9 do \u0161pi\u010dky, a mohou d\u00e9lkou p\u0159esahovat konec nosu. Ucho m\u00e1 \u00fazk\u00fd \u00fapon a je nasazen\u00e9 v\u00fdrazn\u011b pod lini\u00ed o\u010d\u00ed.<\/p><p><strong>Krk:<\/strong>\u00a0je dost dlouh\u00fd, m\u00edrn\u011b klenut\u00fd. M\u00e1 m\u00edrn\u00fd lalok.<\/p><p><strong>T\u011blo:<\/strong><\/p><p><strong>H\u0159bet<\/strong>: dlouh\u00fd, pevn\u00fd.<\/p><p><strong>Bedra<\/strong>: kr\u00e1tk\u00e1, dob\u0159e napojen\u00e1, n\u011bkdy klenut\u00e1.<\/p><p><strong>Z\u00e1\u010f:\u00a0<\/strong>m\u00edrn\u011b \u0161ikm\u00e1 (sp\u00e1dit\u00e1).<\/p><p><strong>Hrudn\u00edk<\/strong>: Je mohutn\u00fd, pom\u011brn\u011b dlouh\u00fd, dosahuje pod \u00farove\u0148 lokte. Hrudn\u00ed kost je dlouh\u00e1, tvo\u0159\u00ed v\u00fdrazn\u00e9 p\u0159edhrud\u00ed a dosahuje hodn\u011b dozadu.<\/p><p><strong>\u017debra:\u00a0j<\/strong>sou hodn\u011b klenut\u00e1.<\/p><p><strong>Slabiny:\u00a0<\/strong>jsou pevn\u00e9.<\/p><p><strong>Prut:\u00a0\u00a0<\/strong>je siln\u00fd u ko\u0159ene, nesen\u00fd \u0161avlovit\u011b, n\u011bkdy s\u00a0del\u0161\u00edmi chlupy na spodn\u00ed stran\u011b (osinat\u00fd).V klidu dosahuje p\u0159esn\u011b k\u00a0zemi.<\/p><p><strong>Hrudn\u00ed kon\u010detiny:<\/strong><\/p><p><strong>Celkov\u00fd pohled:\u00a0<\/strong>jsou siln\u00e9, toleruje se, pokud jsou m\u00edrn\u011b vyto\u010den\u00e9 (plovyto\u010den\u00e9).<\/p><p><strong>Lopatka:\u00a0<\/strong>svalnat\u00e1, ne hrub\u00e1, \u0161ikmo ulo\u017een\u00e1.<\/p><p><strong>Lokty:\u00a0<\/strong>p\u0159il\u00e9haj\u00ed k\u00a0t\u011blu.<\/p><p><strong>Tlapky:<\/strong>\u00a0\u00a0\u00a0naj\u00ed tvar del\u0161\u00edho ov\u00e1lu, prsty jsou such\u00e9 a sev\u0159en\u00e9. Pol\u0161t\u00e1\u0159ky a dr\u00e1py jsou \u010dern\u00e9.<\/p><p><strong>P\u00e1nevn\u00ed kon\u010detiny:<\/strong><\/p><p><strong>Celkov\u00fd pohled:<\/strong>\u00a0P\u0159i pohledu zezadu jsou sedac\u00ed hrbol, st\u0159ed stehna, hlezenn\u00ed kloub, nadprst\u00ed a tlapka v\u00a0jedn\u00e9 ose.<\/p><p><strong>Stehno:<\/strong>\u00a0dlouh\u00e9 a svalnat\u00e9.<\/p><p><strong>Hlezno:\u00a0<\/strong>\u0161irok\u00e9, m\u00edrn\u011b \u00fahlen\u00e9, dost n\u00edzko u zem\u011b.<\/p><p><strong>Z\u00e1prst\u00ed:<\/strong>\u00a0kr\u00e1tk\u00e9 a siln\u00e9.<\/p><p><strong>Pohyb:<\/strong>\u00a0pravideln\u00fd a dosti lehk\u00fd.<\/p><p><strong>K\u016f\u017ee:\u00a0\u00a0\u00a0<\/strong>nen\u00ed p\u0159\u00edli\u0161 jemn\u00e1, je pru\u017en\u00e1. Je \u010dern\u00e1 nebo siln\u011b mramorovan\u00e1 \u010dern\u00fdmi skvrnami, nikdy \u010dist\u011b b\u00edl\u00e1. Viditeln\u00e9 sliznice jsou \u010dern\u011b pigmentovan\u00e9.<\/p><p><strong>Zevn\u011bj\u0161ek:<\/strong><\/p><p><strong>Srst:<\/strong>\u00a0kr\u00e1tk\u00e1, dost tvrd\u00e1, dob\u0159e pokr\u00fdvaj\u00edc\u00ed k\u016f\u017ei.<\/p><p><strong>Zbarven\u00ed:<\/strong>\u00a0\u010dern\u00e9 a b\u00edl\u00e9 chlupy jsou celkov\u011b prom\u00ed\u0161en\u00e9 (b\u011blou\u0161), co\u017e psu d\u00e1v\u00e1 b\u0159idlicov\u011b modr\u00fd odst\u00edn; Jsou povoleny i \u010dern\u00e9 plotny v\u011bt\u0161\u00edho \u010di men\u0161\u00edho rozsahu. Dv\u011b \u010dern\u00e9 plotny (maska) jsou v\u017edy um\u00edst\u011bny po obou stran\u00e1ch hlavy, pokr\u00fdvaj\u00ed u\u0161i, jsou rozlo\u017eeny okolo o\u010d\u00ed a kon\u010d\u00ed na l\u00edc\u00edch; na temeni mozkovny se nespojuj\u00ed, jsou rozd\u011bleny b\u00edlou lysinou, v\u00a0jej\u00edm\u017e st\u0159edu se \u010dasto nach\u00e1z\u00ed mal\u00e1 \u010dern\u00e1 skvrna, typick\u00e1 pro plemeno; dva znaky p\u00e1len\u00ed v\u00edce \u010di m\u00e9n\u011b v\u00fdrazn\u00e9ho jsou um\u00edst\u011bny nad o\u010dima (\u010dty\u0159o\u010d\u00e1k); p\u00e1len\u00ed se nach\u00e1z\u00ed tak\u00e9 na l\u00edc\u00edch, pysk\u00e1ch, vnit\u0159n\u00ed stran\u011b u\u0161\u00ed, na kon\u010detin\u00e1ch a u ko\u0159ene ocasu.<\/p><p><strong>V\u00fd\u0161ka v\u00a0kohoutku:\u00a0<\/strong>od 34 do 38 cm.<\/p><p><strong>Chyby:<\/strong>\u00a0v\u0161echny odchylky od tohoto standardu mus\u00ed b\u00fdt pova\u017eov\u00e1ny za chyby a mus\u00ed b\u00fdt penalizov\u00e1ny podle stupn\u011b jejich z\u00e1va\u017enosti.<\/p><p><strong>Vylu\u010duj\u00edc\u00ed vady:<\/strong><\/p><ul><li>netypick\u00fd jedinec<\/li><li>p\u0159ehnan\u011b dlouh\u00fd r\u00e1mec<\/li><li>vybo\u010den\u00e9 hrudn\u00ed kon\u010detiny<\/li><li>deformovan\u00e1 \u017eebra<\/li><li>sv\u011btl\u00e9 oko<\/li><li>chybn\u00fd skus (p\u0159edkus, podkus)<\/li><li>t\u011b\u017ek\u00e9 anatomick\u00e9 deformace<\/li><li>invalidn\u00ed posti\u017een\u00ed<\/li><li>jedinec b\u00e1zliv\u00fd nebo agresivn\u00ed<\/li><li>jin\u00e9 zbarven\u00ed, ne\u017e jak\u00e9 uv\u00e1d\u00ed standard<\/li><\/ul><p><strong>Pozn\u00e1mka:<\/strong>\u00a0V\u0161ichni psi mus\u00ed m\u00edt ob\u011b norm\u00e1ln\u011b vyvinut\u00e1 varlata kompletn\u011b sestoupl\u00e1 v\u00a0\u0161ourku.<\/p><p><em>Zdroj \u0161tandardu:\u00a0<a href=\"http:\/\/www.bassetklub.cz\/\" target=\"_blank\" rel=\"noopener\">Basset klub \u010cR<\/a><\/em><\/p>\t\t\t\t\t\t\t\t<\/div>\n\t\t\t\t<\/div>\n\t\t\t\t\t<\/div>\n\t\t\t\t<\/div>\n\t\t\t\t<\/div>\n\t\t","protected":false},"excerpt":{"rendered":"<p>https:\/\/youtu.be\/mdoSmD5d8wg?si=vxlVYt1vs9Dhs7jV MODR\u00dd GASKONSK\u00dd BASET Ofic\u00edalny FCI popis &#8211; na tomto odkaze. Standard \u010d. 35\/24.01.1996\/F P\u0159eklad z\u00a0francouz\u0161tiny:\u00a0Helena Dvo\u0159\u00e1kov\u00e1 Datum zve\u0159ejn\u011bn\u00ed platn\u00e9ho standardu:\u00a024.01.1996 P\u016fvod:\u00a0Francie Pou\u017eit\u00ed:\u00a0honi\u010d pou\u017e\u00edvan\u00fd k\u00a0lovu se st\u0159elnou zbran\u00ed, n\u011bkdy ke&hellip;<\/p>\n","protected":false},"author":1,"featured_media":0,"parent":0,"menu_order":0,"comment_status":"closed","ping_status":"closed","template":"","meta":{"content-type":"","om_disable_all_campaigns":false,"_monsterinsights_skip_tracking":false,"_monsterinsights_sitenote_active":false,"_monsterinsights_sitenote_note":"","_monsterinsights_sitenote_category":0,"_uf_show_specific_survey":0,"_uf_disable_surveys":false,"_lmt_disableupdate":"","_lmt_disable":"","footnotes":""},"class_list":["post-72","page","type-page","status-publish","hentry"],"aioseo_notices":[],"_links":{"self":[{"href":"https:\/\/jasonsblue.sk\/index.php?rest_route=\/wp\/v2\/pages\/72","targetHints":{"allow":["GET"]}}],"collection":[{"href":"https:\/\/jasonsblue.sk\/index.php?rest_route=\/wp\/v2\/pages"}],"about":[{"href":"https:\/\/jasonsblue.sk\/index.php?rest_route=\/wp\/v2\/types\/page"}],"author":[{"embeddable":true,"href":"https:\/\/jasonsblue.sk\/index.php?rest_route=\/wp\/v2\/users\/1"}],"replies":[{"embeddable":true,"href":"https:\/\/jasonsblue.sk\/index.php?rest_route=%2Fwp%2Fv2%2Fcomments&post=72"}],"version-history":[{"count":7,"href":"https:\/\/jasonsblue.sk\/index.php?rest_route=\/wp\/v2\/pages\/72\/revisions"}],"predecessor-version":[{"id":248,"href":"https:\/\/jasonsblue.sk\/index.php?rest_route=\/wp\/v2\/pages\/72\/revisions\/248"}],"wp:attachment":[{"href":"https:\/\/jasonsblue.sk\/index.php?rest_route=%2Fwp%2Fv2%2Fmedia&parent=72"}],"curies":[{"name":"wp","href":"https:\/\/api.w.org\/{rel}","templated":true}]}}